2*n**2 - 11*n + 18. Let m be y(-6). Let l(u) = 6*u**2 + 3*u - 6. Let b(x) = -7*x**2 - 6*x + 5. Let g(k) = 5*b(k) + 6*l(k). Calculate g(m).
-11
Suppose -4*d + 30 = 18. Let t(z) = 17*z - 6. Let q(a) = 8*a - 3. Let v(l) = -7*q(l) + 3*t(l). Determine v(d).
-12
Let r(q) be the second derivative of -q**5/10 + q**4/4 - 2*q**3 + 23*q**2/2 + 3959*q. Determine r(2).
-5
Let w(o) be the first derivative of -o**4/4 + 10*o**3/3 + 12*o**2 + 12*o - 115. Let b be w(12). Let f(s) = -s**2 + 9*s + 16. Give f(b).
-20
Let b(s) be the first derivative of s**3/3 - 33*s**2/2 + 154*s + 5990. What is b(25)?
-46
Let a(z) = 5*z - 4. Suppose 136 = 5*y - 119. Let o = 53 - y. Suppose 5*p + 2*l - 15 = 5*l, -o*l + 10 = 0. What is a(p)?
26
Let f = 100 + -100. Let b(d) = d**3 + d**2 + d - 13. Calculate b(f).
-13
Let h(a) = 9*a**3 + 6*a**2 + 2*a + 22. Let c(t) = 4*t**3 + 3*t**2 + t + 10. Let g(f) = 7*c(f) - 3*h(f). Suppose -2*i + 7*i = -15. What is g(i)?
1
Let f(m) = m. Let k(i) = 2*i - 7*i - 2 + 0*i. Let s(z) = 4*f(z) + k(z). Let j be s(-8). Let h(w) = w**2 - 3*w + 1. Calculate h(j).
19
Let o = -21092 - -21094. Let n(h) = h**3 - 6*h**2 + 6*h + 2. Determine n(o).
-2
Let g(y) = -77*y**2 - 15*y + 81. Let r(a) = -64*a**2 - 15*a + 71. Let t(f) = 5*g(f) - 6*r(f). Calculate t(7).
35
Let x(m) = m**3 - 27*m + 12. Let u be x(5). Let v(z) = -1 + 187*z + 186*z - 4*z**u - 374*z. Calculate v(-2).
-15
Let y(s) = 31*s - 182. Let c be y(6). Let w(j) be the first derivative of 1/2*j**2 + 1/3*j**3 - 4 - 5*j. Determine w(c).
15
Let h be 0/(-1) - 186/(-4464). Let j(f) be the third derivative of 0*f + 0 + h*f**4 + 1/6*f**3 + 36*f**2. What is j(-1)?
0
Let z(q) = -2*q**2 - 2*q + 19. Suppose 21*x - 18*x + 11 = -5*h, -5*h - 14 = 2*x. Determine z(x).
-5
Let g(k) be the second derivative of k**3 - 121*k**2/2 + 21*k. Let f be g(20). Let q(l) = -13*l**2 - 2*l - 1. Determine q(f).
-12
Let z = -223/38 + 344/57. Let i(a) be the second derivative of -15*a + 3/2*a**2 + z*a**3 + 0 - 1/12*a**4. Calculate i(0).
3
Suppose 0 = 7*f - 3*f + 492. Let a(d) = 23*d - 34. Let l be a(7). Let h = l + f. Let p(x) = x**3 - 2*x**2 - 4*x - 4. What is p(h)?
12
Suppose 0*u + u - 5*w = -15, 16 = -4*u - 2*w. Let a(x) = -x**3 - x**2 + 16*x - 18. What is a(u)?
2
Let m(h) = 26*h**2 + 35*h + 40. Let r(o) = -59*o**2 - 71*o - 82. Let n(v) = 9*m(v) + 4*r(v). Give n(17).
-19
Suppose -c - 2*f + 96 = 0, -2*f = -7*c + 4*c + 248. Let a = c - 89. Let u(h) = 2*h**2 + 2*h + 1. Give u(a).
13
Let u(g) = 13*g - 1. Suppose -86 = -5*b - 11. Let i = b - 16. Determine u(i).
-14
Let m(r) be the second derivative of 11*r**4/4 - r**3/3 + 3*r**2/2 + 5049*r. Calculate m(1).
34
Let u(n) = n**2 + 9*n - 1. Let l be (-15)/(-9*(-5)/15). Give u(l).
-21
Let u(c) = -c**3 + c**2 - 4*c. Let t(q) = -q**3 + 12*q**2 + 3*q - 8. Let i(n) = t(n) - 2*u(n). What is i(-8)?
32
Let b(w) = w + 1. Let r(h) = -6*h**2 - 26*h - 2. Let j be r(-4). Suppose j*d = 10*d - 28. Determine b(d).
8
Let q be (-144)/96 + 0 + 2/(-4). Let x be 10/q + (-15 - -20). Let y(k) = k**3 - k**2 - 2*k + 3. Let m be y(x). Let h(p) = p**3 - 4*p**2 + 3*p + 1. Give h(m).
1
Let q(j) = -361*j - 1. Let v(i) = 216*i + 1. Let u(l) = 3*q(l) + 5*v(l). Let o = -4 + 8. Calculate u(o).
-10
Let i be 12 - (-1 - 0/1). Suppose -j + 17 = -5*l - i, -3*l - 18 = -3*j. Let c(p) be the first derivative of -p**3/3 - 7*p**2/2 + p + 226. Determine c(l).
7
Let s(a) = -a**3 - 8*a**2 + 6. Let x(t) = t**3 + 12*t**2 + 10*t - 7. Let f be -2 + (3 - 16) + 4. Let d be x(f). Suppose 0 = -12*w + d*w - 64. Determine s(w).
6
Let f(w) be the second derivative of 0 - 1/3*w**3 + 21*w - w**2. Let b = -4 - -1. Give f(b).
4
Let p(h) = h**2 - 3*h - 10. Let z = -3056 + 3061. What is p(z)?
0
Let n(m) = 68*m**2 + 107*m + 928. Let l(q) = 21*q**2 + 36*q + 309. Let f(a) = 13*l(a) - 4*n(a). Calculate f(-10).
5
Let y(a) = 2*a - 1. Let f(z) = -286*z + 6 - 281*z - 2 + 851*z - 287*z. Let w(k) = -4*f(k) - 7*y(k). Determine w(-7).
5
Suppose 5*k - 2*c = 7, -3*k = -2*c + 15 - 16. Let x(d) = 2*d. Give x(k).
6
Suppose 36*u + 6*u = -7*u. Let z(s) = s**3 - s**2 - s + 21. Determine z(u).
21
Let w(z) = -8*z**2 + 33*z - 82. Let o(q) = -5*q**2 + 16*q - 49. Let x(r) = 5*o(r) - 3*w(r). What is x(-23)?
-91
Let l(k) = k**3 - 13*k**2 + 11*k + 20. Let o be l(12). Let b(c) = -7*c**2 + 0*c**3 + c**3 + 6920*c + 5 - 6926*c. Give b(o).
21
Let t(w) = 662 - 22*w**2 + w + 658 + 663 - 1982. Suppose -3*s - 7 = -2*a, 4 - 16 = 4*s. Give t(a).
-22
Suppose -133*g + 129*g + 63 = 3*v, 3*g - 60 = -3*v. Let x(o) = -3*o + 14. Calculate x(v).
-37
Let z(g) = -g**3 + 12*g**2 + g. Suppose 182 = -73*c + 1058. Calculate z(c).
12
Let h = -216 + 216. Suppose -p + 4*l + 19 = 0, h*l = -5*p + 4*l + 31. Let c(j) = j**2 - 3. What is c(p)?
6
Let f(p) = -p - 3. Suppose 0 = 9*m - 6*m - 45. Suppose k = -4*k + m, 72 = 5*z + 4*k. Suppose 4*w = 6*w - z. Give f(w).
-9
Let o = 418 - 412. Suppose -13*c + o = -150. Let k(p) = p - 10. Give k(c).
2
Let n(m) be the first derivative of 2*m**3/3 - 3*m**2/2 + 5*m - 3384. Suppose 6*j - 8 = 2*j. Determine n(j).
7
Let h(t) = -t**3 - 4*t**2 - 2*t + 3. Let c(g) = -8*g - 108. Let p be c(-16). Suppose -p = -5*f - 35. What is h(f)?
0
Let n(v) be the third derivative of v**6/360 - v**5/15 - v**4/24 + 65*v**3/6 + 14*v**2. Let d(y) be the first derivative of n(y). What is d(7)?
-8
Let s(c) be the second derivative of -27 + c + 0*c**2 + 1/12*c**4 + 2/3*c**3. Give s(4).
32
Let i be 47 - 2*(-2)/(-4). Suppose 4*d = 3*c + 120 + 83, 3*d + 3*c - 168 = 0. Let k = i - d. Let y(q) = -q**2 - 6*q + 2. Give y(k).
-5
Let f(b) = -b**3 - 8*b**2 - b - 1. Let l = -4331 + 4323. Determine f(l).
7
Let k(g) be the third derivative of -g**5/60 - 11*g**4/24 + 19*g**3/3 + 2*g**2 + 734*g + 2. Determine k(-16).
-42
Let t(h) = 3*h**2 + 31*h + 31. Suppose -3*n + 3 = -6, 0 = -c - 3*n + 1. Calculate t(c).
-25
Suppose z - 3*z = -3*j + 20, -43 = 5*z - 4*j. Let b(m) = -2*m**2 + m + 2. Let k(a) = 5*a**2 - 4*a - 5. Let y(p) = z*b(p) - 3*k(p). Calculate y(6).
-5
Let y(f) = f + 14. Let d be y(-11). Let t be ((-4)/d)/(4/(-9)). Let r(v) = -21*v + 17*v + 3*v**2 - v**t + v**2 + 2. Determine r(4).
-14
Suppose 30 = 5*u + 25. Suppose 0 = 3*a - 7 + u. Suppose -a*q + 2 = 2. Let g(t) = t**3 - t**2 - 5. Calculate g(q).
-5
Let j(o) = 3*o - 1. Let i(w) = w**3 - 5*w - 5. Let t(h) = -3*h**2 + 3*h - 2. Let s = -1 + 2. Let c be t(s). Let m be i(c). What is j(m)?
-10
Let d(t) be the second derivative of t**4/3 - t**3/2 + t**2/2 - 506*t + 3. Give d(1).
2
Let p(k) = -5*k - 3. Let r = 367 - 337. Suppose 0 = 25*h - r*h - 5. Determine p(h).
2
Let v(a) be the second derivative of -a**8/6720 - a**7/2520 - a**6/360 - a**5/60 + a**4/6 - 7*a**2 - 29*a. Let r(b) be the third derivative of v(b). Give r(-2).
6
Let h(a) = 3*a**2 + 11*a - 8. Let w(g) be the third derivative of 7*g**5/30 + 43*g**4/24 - 31*g**3/6 + 180*g**2. Let u(l) = 9*h(l) - 2*w(l). Determine u(10).
20
Let r(p) = -34*p + 889. Let d(n) = 6*n - 143. Let h(q) = 39*d(q) + 6*r(q). Give h(8).
-3
Let p(f) = -67*f**2 + 74*f + 103. Let g(v) = -25*v**2 + 25*v + 34. Let h(u) = 8*g(u) - 3*p(u). Calculate h(21).
-58
Let b be (-72)/(11 - 20) + 1*(-3 - 20). Let g(d) = -2*d**2 - 21*d - 27. Calculate g(b).
-162
Let h(i) = -i**3 + 14*i**2 - 13*i + 6. Suppose -p = u - 3*u - 166, -81 = u - p. Let r = 98 + u. Calculate h(r).
6
Let t be 51/(-15) - ((-9)/((-90)/(-4)) - -1). Let w(g) = g**2 + 11*g + 15. What is w(t)?
-13
Let b(a) be the third derivative of a**6/15 + a**5/30 + a**4/24 - 32*a**2. Suppose -7 = -g - 4*u, -g - 6*u + 8*u = 5. Determine b(g).
-7
Suppose 0 = t - m + 1 - 0, -m + 7 = -3*t. Let k(p) = 450 + 3*p + p**2 - 905 + 454. Determine k(t).
-1
Suppose 0 = -27*o - 5 - 22. Let n(v) = -2*v - 4. Let q(j) = -3*j - 3. Let r(d) = -4*n(d) + 5*q(d). What is r(o)?
8
Let f(v) = v**3 + 6*v**2 + 2*v + 6. Suppose 7*k - 9*k + 2*p = 14, -4*k - 5*p = -35. Calculate f(k).
6
Let i(g) = -g**3 - 24*g**2 - g - 27. Let p = 8537 + -8561. Determine i(p).
-3
Suppose 2*c + 10*i - 7*i - 4 = 0, 2*i = -5*c - 1. Let j(z) = -z**2 + z + 1. Let g(v) = 9*v**3 - 2*v**2 + 6*v + 5. Let k(p) = -g(p) + 4*j(p). Determine k(c).
8
Let p(s) = -s**3 + 6*s**2 + 8*s - 2. Let c(v) = 8*v + 4. Let w(j) = -8*j - 5. Let h(o) = -4*c(o) - 3*w(o). Let r be h(-1). Determine p(r).
5
Let u(r) = -10 - 12*r + 24*r + r**3 + 10*r**2 - 8*r - 10*r**2 + 6*r**2. Let 